7*k, 4*u + 6 = -3*k. Calculate the greatest common factor of b and k.
1
Suppose 2*y = 83 + 509. Calculate the greatest common divisor of 1739 and y.
37
Suppose -456*l - 12112 = -32088 - 38392. Let h = -340 - -516. What is the greatest common divisor of h and l?
16
Let z be (973/(-2))/(327/(-654)). What is the highest common divisor of 70 and z?
7
Suppose -3*f + 42 = -66. Let n = 52 - f. Let z(t) = -t + 27. Let c be z(n). What is the highest common factor of c and 33?
11
Suppose 8*h = 20*h - 75120. Suppose -h = -27*z - 995. What is the greatest common divisor of 78 and z?
39
Let k be 1/3*(-204)/(-17). Suppose 9*v + 2*m = k*v - 93, 4*v = m - 77. Let i = v + 76. Calculate the greatest common factor of i and 38.
19
Suppose -7*f - 6 = 274. Let d = 44 + f. Suppose -3*o - 171 = -5*j, d*o - 254 + 62 = -5*j. What is the greatest common divisor of 180 and j?
36
Let t be (5 - 1)*(15 - (-357)/(-28)). Let x(c) = -3*c**3 + 27*c**2 + c + 16. Let g be x(t). What is the greatest common divisor of 10 and g?
5
Let h be 10024/1 - (18 - 9 - 17). What is the greatest common factor of h and 33?
33
Suppose 834 = 8*f + 762. Suppose -81 - 189 = -f*d. What is the highest common divisor of 72 and d?
6
Suppose 0 = 40*u + 44 - 204. Let g be (-24 - -31)*u/14. Calculate the greatest common divisor of 58 and g.
2
Suppose -2381 = -2*x - g, -4757 = -1452*x + 1448*x - g. What is the greatest common divisor of 352 and x?
44
Let a be 3/4*430/(-15)*418/(-209). Calculate the highest common factor of a and 5375.
43
Suppose -34*k = 85*k - 159508 - 1077735. What is the greatest common divisor of 74 and k?
37
Let f(d) = 3526*d**2 - 18*d + 22. Let n be f(1). Calculate the highest common divisor of 5 and n.
5
Let n = 114 - 179. Let u be (-120)/n - (-4)/78*3. Suppose -4*t + 4 = -36. What is the greatest common divisor of u and t?
2
Let b(y) = -y**3 - 10*y**2 - 10*y - 7. Let s be b(-9). Let d = 80 + -220. Let n be s - (-11)/((-22)/d). What is the highest common factor of 8 and n?
8
Suppose m = -3*y + 135, 9*y - 4*y - 229 = -3*m. Suppose 0 = 2*l + 14, -48*w + 131 = -47*w - 3*l. What is the highest common factor of y and w?
22
Suppose -2*j + 269 - 1528 = 3*h, 4*h - 2*j + 1688 = 0. Let g = 143 - h. Calculate the greatest common factor of g and 36.
12
Let u be (-7)/28 + (-930)/(-8). Let c be -49*15/(-315) + 254/3. What is the highest common divisor of u and c?
29
Let p = 564 + -561. Suppose 229 = p*h + 4*j, 288 = 4*h + 7*j - 6*j. What is the greatest common divisor of h and 355?
71
Suppose 9882 = 5*j + 30*h - 27*h, -4*j = -h - 7926. What is the greatest common factor of j and 10?
10
Let x be (2945/95)/(10/(-11) - -1). Let r = x + -335. Calculate the highest common divisor of r and 330.
6
Let p = 33 - -78. Let f(t) = 59*t**2 + 2*t + 27. Let v be f(-2). Calculate the greatest common factor of v and p.
37
Let u be (36/30)/((-15)/(-4325)). Let j = u - 325. Calculate the greatest common factor of 168 and j.
21
Suppose -5*j + 2*z = -2382, -3*j + 3*z + 1431 = -0*j. What is the greatest common factor of 4 and j?
4
Suppose 3*d - 10*z - 83 = -12*z, 4*z + 20 = 0. Let c = 37 + -61. Let b be (c/15)/(4/(-310)). What is the highest common factor of b and d?
31
Let o(t) = 17*t**2 - 2*t + 16. Let k be 5 + (-285)/60 + 46/8. Let y be o(k). What is the highest common divisor of 77 and y?
77
Let x(s) = -11*s**2 + 3*s**2 - 2 - 1 + 0*s + 3*s. Let y be x(1). Let l be y/20*(-150 + 0). Calculate the greatest common factor of l and 24.
12
Let i(s) = 44*s**3 + s**2 - s + 1. Let o be i(1). Let r be (-4*12/(-16))/(1/9). Let h be r/2 + (-33)/(-22). What is the greatest common divisor of o and h?
15
Let t be 1/2 + 46/4. Suppose 199*o + 720 - 2486 = 2413. What is the highest common factor of t and o?
3
Let w(v) = -v**3 - 67*v**2 - 414*v + 174. Let o be w(-61). What is the highest common factor of o and 44?
22
Let g = -722 - -747. Let n be g/(-75) - (-482)/6. Calculate the greatest common factor of n and 30.
10
Let i be (3*-13)/(243/(-81)). Calculate the greatest common factor of 9113 and i.
13
Suppose 19*f - 2035 = 2924. Let k = f + 292. Calculate the greatest common divisor of 158 and k.
79
Let m = -21 - -47. Let i = 2 + m. Calculate the greatest common factor of 77 and i.
7
Let n be ((2/8)/((-6)/90))/(156/(-208)). What is the greatest common factor of n and 1160?
5
Let j be ((-1)/2)/((-348)/344 - -1). Suppose 54 - j = c. Let l = 22 + 0. What is the highest common factor of c and l?
11
Let c = -6919 - -15494. Calculate the greatest common factor of 140 and c.
35
Let m be -2*(-3)/(-6) + (-98681)/88*-8. What is the highest common divisor of 60 and m?
30
Suppose -2*m + 2674 = 4*l, l = -4*m + 1707 + 3599. Calculate the greatest common factor of 53 and m.
53
Let v be (-60)/(-6) - 56/8. Let p be 0 + v/(-9) + (-52)/(-12). Calculate the greatest common divisor of p and 33.
1
Let w be (-4)/6 - (-18 - (-53839)/(-51)). Calculate the highest common divisor of 290 and w.
29
Let w be 2070 + 3/(-6)*6. What is the highest common divisor of 477 and w?
159
Suppose 5*l + 609*n = 612*n + 543, -4*l + 2*n + 434 = 0. What is the highest common divisor of l and 468?
36
Let t be -10*8/(-32)*(-42*2)/(-3). Let d be ((-9)/2 - -1)*-8. What is the highest common divisor of t and d?
14
Let j = 3346 - 3012. Calculate the highest common factor of 2 and j.
2
Suppose -377*c - 147*c + 33536 = 0. Calculate the highest common divisor of 600 and c.
8
Let s(l) = -2*l**2 + 41*l + 187. Let h be s(0). What is the highest common factor of 22 and h?
11
Suppose 0*p - 2*p + 2*h = -72, -5*h = 2*p - 72. Let r = -16 + p. Let o = 757 - 727. Calculate the highest common factor of o and r.
10
Suppose 3*m = 5*m + 4. Let s be 15/(10 + -5) - 8/m. Calculate the highest common factor of s and 343.
7
Let z(x) = 37 - 6 - 12 + 26 + 26*x. Let o be z(0). Calculate the highest common factor of o and 5.
5
Let y = 25519 + -25511. Calculate the greatest common factor of y and 16632.
8
Let b be 14/(3/12*4). Let m be (-2 - 58/3)/(34/(-357)). Suppose -11*h = -7*h - m. What is the greatest common factor of h and b?
14
Let r(n) = n**3 + 20*n**2 - 22*n - 3. Suppose -37 - 25 = y. Let d = -83 - y. Let b be r(d). Calculate the highest common factor of b and 90.
18
Suppose -68*s = -64*s - 3388. Let p = 1207 - s. Let r be (-16)/(-2)*(5 - 0). What is the greatest common divisor of r and p?
40
Let w = -146 + 231. Let p(a) = a + 11. Let h be p(-5). Suppose -h*z + 170 = -z. What is the highest common divisor of z and w?
17
Let g(j) = 220*j**2 + 48*j + 144. Let q be g(-3). What is the greatest common factor of 528 and q?
132
Let a(c) = -11*c + 78. Let u be a(-6). Suppose 0*k + 5*k + 4*h = u, 5*h + 180 = 5*k. Calculate the greatest common factor of 32 and k.
32
Let y(b) = 7*b + 4 + 94*b**2 - 173*b**2 + 11 + 1 + b**3 + 89*b**2. Let r be y(-8). What is the highest common divisor of r and 484?
44
Suppose 1 = 2*q + 3*a, 3*q + 2*a + 0 = -6. Let o(i) = 9*i**2 + 27*i - 8. Let b be o(q). What is the greatest common factor of b and 140?
28
Let k be 9/(2 + (-25666)/(-9717)*(-3)/4). Calculate the highest common factor of k and 210.
6
Suppose 4*i - 4 = 0, -5*i = 27*l - 24*l - 278. What is the greatest common factor of l and 5005?
91
Suppose -47*x = -45*x + 174. Let f = x + 102. Suppose 8*l - 9*l + f = 0. Calculate the greatest common divisor of l and 20.
5
Let p = -1508 + 1615. What is the highest common factor of 6848 and p?
107
Let c be 0 - 1/((-1)/2). Suppose -c*m = -48 - 12. Suppose -m = 5*g - 90. What is the highest common divisor of g and 84?
12
Suppose -1054*t + 1069*t = 21330. Calculate the greatest common divisor of 48 and t.
6
Let l = -1731 + 2424. Let n = -199 - -353. What is the greatest common factor of l and n?
77
Let n be 112*7*4/56. What is the greatest common divisor of n and 2324?
28
Suppose 128 = -g + 5*g. Suppose 0 - 3 = -o, 4*d - g = 4*o. Suppose 5*v - 7 = -2*n + 25, -5*n = -3*v - 49. What is the highest common divisor of n and d?
11
Suppose 14 = -2*u + 4*o - 6*o, 0 = -3*u - 2*o - 25. Let y = 112 - -35. Let k = y + u. Calculate the greatest common factor of 17 and k.
17
Let w(u) = 2*u**3 - 23*u**2 + 30*u - 5. Let n be w(10). Let h be (-14)/(-35) + -1 + (-243)/n. What is the highest common factor of h and 176?
16
Let j = -3104 - -4985. What is the greatest common divisor of j and 2052?
171
Suppo